 -128. Calculate the highest common divisor of 867 and a.
51
Suppose 2*z = -4*z + 24. Let j be 13/z - (-2)/(-8). What is the greatest common factor of 39 and j?
3
Let u be (60 + -76)/((-2)/10). Let l(i) = 4*i**2 - i + 2. Let n be l(2). Calculate the highest common factor of u and n.
16
Suppose -6*y + 41 = -3*y - 5*k, -k = 5*y - 87. What is the greatest common factor of y and 4?
1
Let x = -2 - -6. What is the highest common divisor of 32 and x?
4
Let i be ((-688)/(-56) - 20)/((-4)/42). Calculate the highest common divisor of i and 891.
81
Let a(h) = -20*h - 408. Let c be a(-27). What is the greatest common factor of 36 and c?
12
Let c(k) = k**3 - 8*k**2 + 10*k - 6. Let s be (2 + 1)*14/6. Let r be c(s). Calculate the greatest common factor of 75 and r.
15
Let b = -27 - -51. Let h = -15 + b. Let a = 65 - 2. What is the highest common divisor of a and h?
9
Suppose -4*f - 90 - 85 = r, -157 = 4*f - 5*r. Let s = f + 55. Calculate the highest common factor of 108 and s.
12
Suppose -48*u + 6*u = -1050. Calculate the greatest common divisor of u and 225.
25
Let o = 4 + 19. Suppose o = -7*q + 359. Calculate the greatest common divisor of 6 and q.
6
Let a = 1252 + -1187. What is the greatest common divisor of a and 55?
5
Let w(v) = -v**2 - 4*v + 7. Let s be w(8). Let o = s + 129. Let u = -34 + o. Calculate the greatest common divisor of u and 24.
6
Let p(a) = 2*a**2 + 8*a - 16. Let v be p(-6). Suppose -v*u + 120 = -3*u. What is the greatest common factor of 24 and u?
24
Suppose -t - 5*t = -180. Let q = t + -15. What is the greatest common factor of 25 and q?
5
Let c = -47 + 66. Let m be 2/4 + (-8)/16 + 304. Suppose 0*s = -2*s + m. What is the greatest common divisor of s and c?
19
Let l(v) = -7*v**3 + v**2 + 21*v - 4. Let k be l(-5). What is the greatest common divisor of 7 and k?
7
Let j(m) = m**3 + 6*m**2 + 2*m + 11. Let o be j(-6). Let r be -1 - (1 + -3) - o. What is the highest common divisor of 4 and r?
2
Let x be ((-2)/4)/(1/(-172)) - -2. Calculate the highest common divisor of 55 and x.
11
Suppose j = -34*p + 30*p + 3556, -4*j = -4*p + 3536. What is the greatest common divisor of p and 24?
24
Let s(p) = 2*p**3 - p**2 + 31*p - 130. Let t be s(4). What is the highest common factor of 1378 and t?
106
Suppose h - 5*l + 3 = -0*l, -2*l + 4 = h. Suppose -k + 10 = h. Let d be -2 - 6/4*-2. What is the highest common factor of k and d?
1
Let m be 40 + -43 + 490/2. Calculate the greatest common factor of 22 and m.
22
Suppose 0*c = -2*g + 3*c + 24, 0 = 15*g - 5*c - 145. Suppose 0 = -3*v + 3*z + 81, v = 4*z - 5*z + 27. What is the highest common divisor of v and g?
9
Suppose 3*t + 25 = 34, -3*t = -4*f + 83. Calculate the greatest common factor of 2 and f.
1
Let s be 94 + 1/4 + 92/16. What is the greatest common divisor of s and 675?
25
Let s(v) = 4*v**2 + 4*v - 18. Let i be s(-5). What is the greatest common divisor of 1054 and i?
62
Suppose -14 = -f - 0. Suppose -5*n - 20*g + 68 = -19*g, -n - g + 12 = 0. What is the greatest common divisor of f and n?
14
Let g = -1199 + 1202. Calculate the greatest common divisor of g and 411.
3
Suppose -5*b = m - 80 - 91, 2*b = 5*m - 855. What is the greatest common factor of 19 and m?
19
Let z(r) = -r**3 + r**2 - r + 22. Let o be z(0). Let q = o - 19. Let p be 21/(-2)*8/(-4). Calculate the highest common factor of p and q.
3
Suppose 14*s + 2*s = 2736. What is the greatest common factor of 95 and s?
19
Let z be 58 + -62 + (2 - -29). What is the greatest common factor of z and 261?
9
Suppose 0 = -5*l - 16 + 186. Calculate the greatest common divisor of 136 and l.
34
Suppose -3*h + 3*u + 366 = 0, 0 = -5*h - 3*u + 468 + 158. Suppose -3*g + 26 = -h. What is the highest common divisor of 10 and g?
10
Suppose 0*o = -3*o + 3*d + 69, -2*o - d + 31 = 0. Let p(m) = 19*m - 1. Let a = 2 - 1. Let t be p(a). Calculate the highest common factor of t and o.
18
Let r be 1/(-2)*-3*32. Let i(z) = 2*z + 53. Let l be i(-16). Let a = r - l. Calculate the highest common factor of a and 189.
27
Suppose 3*f + f = 5*k + 45, -f + 5*k + 15 = 0. Calculate the highest common divisor of f and 5.
5
Let z = 334 + -295. What is the greatest common factor of z and 117?
39
Let u be (24/3)/2 - 4. Suppose u = 2*x - r + 3, -5 = -r - 0. Calculate the highest common factor of 9 and x.
1
Suppose 8*a - 134 = 4*a + 2*z, -5*z - 175 = -5*a. Calculate the greatest common factor of 256 and a.
32
Let h(k) = 2*k - 36. Let u be h(19). Suppose 0 = -u*p - 33 + 45. Calculate the greatest common factor of p and 3.
3
Suppose -c - 4*c + 320 = 0. What is the greatest common divisor of c and 8?
8
Let f(d) = 9*d - 9. Let n be f(2). Let x = -51 - -52. What is the highest common factor of x and n?
1
Let l(s) = 20*s**2 - 4. Let f be l(2). Let y = f + -33. Let q = y + -20. Calculate the highest common factor of 184 and q.
23
Suppose 2*i = 1 + 7. Suppose 3*y - 167 = -m, -i*y - y = 15. Suppose d = 5*d - m. Calculate the highest common divisor of d and 22.
22
Let f = -14 + 14. Suppose 4*p - 5*p + 7 = f. Suppose 4*b + 14 = 2*m, 2*m + 11 = -2*m - 5*b. What is the highest common divisor of p and m?
1
Let p = 1930 - 1882. What is the highest common factor of 16 and p?
16
Suppose -c + 5*x + 24 = 0, 16 = -0*c + 2*c - 2*x. Let o be 852/24 + 2/c. What is the highest common factor of 4 and o?
4
Let d(n) = n**3 - 7*n**2 + 12*n - 10. Let w be d(5). Suppose 3*c = -w*c + 42. What is the highest common factor of 140 and c?
14
Suppose -3*c + 9 = 0, -4*r + 49 = 2*c - 7*c. Calculate the greatest common divisor of r and 16.
16
Let r = -161 + 136. Let h(t) = -t**2 - 28*t - 23. Let f be h(r). Calculate the greatest common factor of 208 and f.
52
Suppose -34 + 145 = 2*i + 5*w, -4*i - w + 195 = 0. Let j = -19 - -22. Let h be (j/(-6))/((-4)/i). What is the highest common divisor of h and 6?
6
Let q = 344 + -277. Calculate the highest common factor of q and 737.
67
Suppose -d = d + 4*w, -d - w = -3. Let k = 19 + d. Let h be 4466/1218 + 4/3. What is the highest common divisor of k and h?
5
Let z(f) = 4*f**3 - 4*f**2 + f + 2. Let s be z(-2). Suppose 2*c + c = -63. Let v = c - s. Calculate the highest common divisor of v and 9.
9
Let a = -102 + 162. Let m be (-6)/16 - (-873)/24. What is the greatest common factor of m and a?
12
Let u = 441 - 351. What is the greatest common divisor of 54 and u?
18
Suppose 5*n + 22*n - 1701 = 0. Let d = 25 + -38. Let j = d + 20. Calculate the greatest common factor of n and j.
7
Let i be (5/10)/1 - (-9)/2. Let n(d) = 3*d**2 - 7*d + 8. Let u be n(i). Calculate the highest common divisor of u and 32.
16
Let i = 3 + 0. Let s be -5 - (-8 - (2 + -3)). Suppose 0 = -s*n - 4 - 0, -2*m = -i*n - 28. What is the greatest common divisor of m and 33?
11
Let y = 14 - -10. Let h(d) = -d**2 - 10*d - 5. Let v be h(-9). Suppose -o = k - 13, 61 = 2*k - v*o + 17. What is the greatest common divisor of y and k?
8
Let l be 3/(-54)*4 + 736/72. Let h(v) = -v**3 + 8*v**2 - 5*v. Let p be h(5). What is the greatest common divisor of p and l?
10
Suppose 3*r = 3*b + 63, 3*r - 6*b = -2*b + 59. Suppose -23 - r = -3*s. Let l = 24 - 20. What is the greatest common factor of l and s?
4
Let o be -5 + -236*4/(-16). Calculate the highest common divisor of o and 189.
27
Let w(k) be the third derivative of k**4/8 - 11*k**3/6 - 5*k**2. Let h be w(7). Calculate the greatest common factor of h and 5.
5
Let k be (-14)/224 - 34005/(-80). Calculate the highest common divisor of k and 50.
25
Let c = -40 + 16. Let w be (-8)/c - ((-298)/(-6))/(-1). Calculate the greatest common divisor of w and 40.
10
Let p = -1349 + 1374. Suppose 5*c = 984 + 16. What is the highest common divisor of p and c?
25
Let u(v) = -6*v - 6. Let r be u(-5). Let b(a) = 4*a + 144. Let f be b(-30). Calculate the highest common divisor of f and r.
24
Suppose -p = 4*l - 5*p - 68, 2*l = 4*p + 40. Suppose -26 = -c + 4*s, -4*c - 13*s + 71 = -18*s. What is the greatest common divisor of l and c?
14
Let z(c) = c**2 - 11*c + 22. Let l be z(9). Suppose -8*t + l*t + 36 = 0. Let m be (198/t)/(1/1). Calculate the highest common factor of 110 and m.
22
Suppose -6*d = -3*d - 18. Suppose -5*m - 4*j = 7, -2*j + 9 = -3*m - d*j. Let s be m + -2 + 28/4. Calculate the greatest common factor of s and 54.
6
Suppose 0 = -3*r + r + 76. Let g(t) = 5*t + 35. Let q be g(31). What is